prime factors of 197715840.
2, 3, 5, 7, 47, 313
List the prime factors of 4641493024.
2, 7, 20720951
List the prime factors of 5828631483.
3, 1942877161
List the prime factors of 716234063.
716234063
List the prime factors of 1888127051.
5393, 350107
List the prime factors of 1173014627.
67, 863, 20287
What are the prime factors of 135240041?
135240041
List the prime factors of 116842661.
13, 41, 219217
What are the prime factors of 19867266?
2, 3, 1103737
What are the prime factors of 797527239?
3, 17, 761, 20549
List the prime factors of 85601508.
2, 3, 7133459
What are the prime factors of 227713815?
3, 5, 7, 240967
What are the prime factors of 456781380?
2, 3, 5, 11, 23, 30091
What are the prime factors of 937153817?
59, 15883963
What are the prime factors of 1305805695?
3, 5, 87053713
What are the prime factors of 2059967347?
109, 18898783
What are the prime factors of 1733566573?
2297, 754709
List the prime factors of 749754548.
2, 113, 1658749
List the prime factors of 41976314.
2, 73, 107, 2687
List the prime factors of 211739794.
2, 7, 17, 23, 47, 823
What are the prime factors of 778092352?
2, 12157693
List the prime factors of 1971893898.
2, 3, 13, 8426897
List the prime factors of 1510861609.
2377, 635617
List the prime factors of 187549521.
3, 23, 2718109
List the prime factors of 129164980.
2, 5, 7, 17, 7753
List the prime factors of 4317374616.
2, 3, 179890609
List the prime factors of 84588912.
2, 3, 19, 43, 719
List the prime factors of 96485142.
2, 3, 13, 95153
What are the prime factors of 2915522?
2, 991, 1471
What are the prime factors of 770793250?
2, 5, 23, 37, 3623
List the prime factors of 21286877.
37, 139, 4139
What are the prime factors of 22365457?
22365457
What are the prime factors of 188316595?
5, 37663319
List the prime factors of 36431697.
3, 17, 809, 883
List the prime factors of 142073567.
67, 1097, 1933
What are the prime factors of 373709100?
2, 3, 5, 19, 65563
List the prime factors of 407770375.
5, 67, 181, 269
List the prime factors of 2916265292.
2, 729066323
What are the prime factors of 1269282930?
2, 3, 5, 59, 717109
What are the prime factors of 63557405?
5, 12711481
What are the prime factors of 3574840653?
3, 397204517
List the prime factors of 27549444.
2, 3, 13, 176599
List the prime factors of 66805406.
2, 19, 193, 9109
What are the prime factors of 55110328?
2, 7, 13, 17, 61, 73
What are the prime factors of 77551773?
3, 13, 17, 53, 2207
List the prime factors of 122964697.
122964697
List the prime factors of 259802254.
2, 129901127
List the prime factors of 304870251.
3, 7, 14517631
What are the prime factors of 380705760?
2, 3, 5, 59, 4481
List the prime factors of 34061536.
2, 599, 1777
What are the prime factors of 73837004?
2, 3821, 4831
List the prime factors of 223741443.
3, 74580481
List the prime factors of 304490554.
2, 152245277
What are the prime factors of 2697602900?
2, 5, 19, 1419791
List the prime factors of 166925770.
2, 5, 11, 1517507
List the prime factors of 4475091124.
2, 7, 41, 3898163
List the prime factors of 44386945.
5, 19, 659, 709
What are the prime factors of 689525652?
2, 3, 57460471
What are the prime factors of 1001820087?
3, 19, 31, 47, 4021
List the prime factors of 352085939.
352085939
List the prime factors of 69682921.
7, 11, 167, 5419
List the prime factors of 4116814694.
2, 31, 37, 47, 38183
What are the prime factors of 2585527687?
3923, 659069
What are the prime factors of 13837834?
2, 47, 147211
What are the prime factors of 1391325157?
43, 409, 79111
What are the prime factors of 71750947?
71750947
What are the prime factors of 715177873?
433, 1651681
What are the prime factors of 46123884?
2, 3, 427073
What are the prime factors of 745319037?
3, 1493, 166403
List the prime factors of 5032792110.
2, 3, 5, 331, 367, 1381
List the prime factors of 861549583.
67, 12858949
List the prime factors of 2856178140.
2, 3, 5, 709, 67141
List the prime factors of 112510808.
2, 179, 78569
List the prime factors of 4376136562.
2, 7, 3469, 90107
List the prime factors of 1685451411.
3, 7, 19, 41, 61, 563
What are the prime factors of 1954129710?
2, 3, 5, 13, 5010589
What are the prime factors of 170444659?
7, 11, 71, 31177
What are the prime factors of 570379875?
3, 5, 13, 23, 5087
What are the prime factors of 360291746?
2, 1153, 156241
What are the prime factors of 42839149?
2659, 16111
List the prime factors of 130296194.
2, 7, 17, 197, 397
List the prime factors of 600671293.
600671293
List the prime factors of 134943928.
2, 7, 19, 126827
List the prime factors of 1087519269.
3, 109, 3325747
List the prime factors of 1010504530.
2, 5, 7, 2087, 6917
List the prime factors of 783534979.
47, 16670957
What are the prime factors of 180921195?
3, 5, 7, 13, 4909
List the prime factors of 1834453742.
2, 11, 271, 307691
List the prime factors of 651833845.
5, 13, 771401
List the prime factors of 4172161051.
4172161051
List the prime factors of 232992676.
2, 7, 127, 65521
What are the prime factors of 2517225639?
3, 23, 73, 499747
What are the prime factors of 285907480?
2, 5, 23, 127, 2447
What are the prime factors of 715345221?
3, 97, 877, 2803
What are the prime factors of 554846411?
7, 23, 149837
What are the prime factors of 50858154?
2, 3, 139, 20327
What are the prime factors of 100732543?
100732543
List the prime factors of 74960481.
3, 43, 581089
What are the prime factors of 7134047849?
89, 181, 442861
What are the prime factors of 1195083668?
2, 16069, 18593
What are the prime factors of 19507731?
3, 6502577
List the prime factors of 60480397.
60480397
List the prime factors of 36893703.
3, 7, 11, 59, 2707
What are the prime factors of 42704639?
31, 127, 10847
What are the prime factors of 1705312127?
1705312127
What are the prime factors of 50608143?
3, 47, 181, 661
List the prime factors of 1031285595.
3, 5, 6571, 10463
List the prime factors of 4550069186.
2, 13, 53, 109, 30293
List the prime factors of 1599656257.
9203, 173819
List the prime factors of 279592531.
23, 12156197
What are the prime factors of 516951643?
13, 39765511
What are the prime factors of 12530764?
2, 47, 66653
What are the prime factors of 345116561?
953, 362137
What are the prime factors of 199839317?
199839317
What are the prime factors of 1732957?
83, 20879
List the prime factors of 535147971.
3, 241, 307, 2411
List the prime factors of 1856731826.
2, 1163, 798251
List the prime factors of 91454167.
7, 1693, 7717
List the prime factors of 140929404.
2, 3, 7, 11, 43, 3547
List the prime factors of 87860520.
2, 3, 5, 11, 2017
List the prime factors of 2802761.
13, 167, 1291
List the prime factors of 2102532481.
7, 300361783
List the prime factors of 195221356.
2, 11, 733, 6053
What are the prime factors of 908416912?
2, 13, 335953
What are the prime factors of 1198485730?
2, 5, 13, 31, 297391
List the prime factors of 184332239.
7, 13, 2025629
List the prime factors of 347662674.
2, 3, 19314593
List the prime factors of 2770716.
2, 3, 13, 17761
List the prime factors of 5252140.
2, 5, 313, 839
What are the prime factors of 1055907608?
2, 7, 18855493
What are the prime factors of 66188121?
3, 29, 760783
What are the prime factors of 798816353?
798816353
What are the prime factors of 2223887455?
5, 31, 677, 21193
What are the prime factors of 241056978?
2, 3, 40176163
List the prime factors of 2615130001.
11, 237739091
What are the prime factors of 4298418352?
2, 41, 6552467
What are the prime factors of 973490566?
2, 83, 5864401
What are the prime factors of 949469725?
5, 1913, 19853
List the prime factors of 231538053.
3, 907, 85093
List the prime factors of 327212906.
2, 17, 61, 157769
List the prime factors of 21897401.
673, 32537
What are the prime factors of 4748689734?
2, 3, 71, 11147159
List the prime factors of 392480529.
3, 7, 53, 352633
List the prime factors of 214283988.
2, 3, 59, 33629
List the prime factors of 987569194.
2, 19, 25988663
List the prime factors of 38182880.
2, 5, 167, 1429
What are the prime factors of 1866656509?
32687, 57107
List the prime factors of 116844113.
37, 3157949
What are the prime factors of 993444942?
2, 3, 7, 23653451
What are the prime factors of 2376915570?
2, 3, 5, 8803391
List the prime factors of 51821663.
41, 1263943
What are the